) = -59*b - b**3 - 14*b**2 - 13 - 46 + 43*b + 35*b**2. What is the remainder when z(20) is divided by 4?
1
Let o = 923 - 890. Calculate the remainder when 1119 is divided by o.
30
Let o = -428 + 438. Suppose -7*n + s = -2*n - 21, -n - s = -3. Suppose n*a - 9 - 3 = 0. What is the remainder when o is divided by a?
1
Suppose 660331 = 59*a + 20*a + 40*a. What is the remainder when a is divided by 25?
24
Let p = -6 + 14. Suppose 2*r = -33 - 25. What is the remainder when (7 + r/4)*-244 is divided by p?
5
Let u = 3321 + -3244. Calculate the remainder when u is divided by (-1)/4 + 484/16.
17
Suppose 4*l = -107*n + 112*n - 2491, 1982 = 4*n - 2*l. Calculate the remainder when n is divided by 17.
15
Suppose 5*u = -18 + 33. Suppose 2*l + u*o - 146 = 7*o, 0 = l + o - 79. Let q = -20 + 47. Calculate the remainder when l is divided by q.
23
Let u = -34610 + 60389. What is the remainder when u is divided by 127?
125
Let w be (-22)/(-3)*(-3)/(-2). Let u = w + 47. What is the remainder when u is divided by 184/(-161)*(-105)/6?
18
Suppose 23*r = 1320 + 175. What is the remainder when 153 is divided by r?
23
Let n = 3 + 6. Calculate the remainder when n is divided by -1*33/(-6) + (-618)/412.
1
Let r(z) = 16*z + 63. Let c = 12 - 8. Suppose c*a - 156 = a. Calculate the remainder when r(9) is divided by a.
51
Let b(h) = h**3 + 10*h**2 - 22*h + 4. Let s be b(-12). Suppose 0 = -3*d - 2*d + 60. What is the remainder when d is divided by (-2 + 6)*(-35)/s?
5
Let h be 11/2 + 21/(-56)*4. Suppose 0 = h*p - 42 + 14. Let q = 157 - 102. Calculate the remainder when q is divided by p.
6
Let n = 5146 - 5111. Calculate the remainder when 339 is divided by n.
24
Calculate the remainder when 625 is divided by 3/(21/35) + 12.
13
Let j be (-27)/24*4/(-3)*70. Suppose 9*p = j + 21. Calculate the remainder when 130/p + (-57)/(-21) + -3 is divided by 5.
4
Let w = 525 - 521. What is the remainder when 308 is divided by w?
0
Let c = -8986 - -9014. Calculate the remainder when 3189 is divided by c.
25
Suppose 47*c - 2*c - 63500 = -82*c. Calculate the remainder when c is divided by 136.
92
Let t = -6 + 0. Let k(a) = 7*a + 12. Let j(q) = -6*q - 8. Let s(i) = 4*j(i) + 3*k(i). Calculate the remainder when 63 is divided by s(t).
19
Let i be ((-10)/6)/(-1 - 16/(-18)). Let z(w) = w**3 + w - i - 1 + 2*w**2 + 9. Calculate the remainder when z(4) is divided by 16.
13
Let m(w) be the second derivative of w**3/3 - 29*w**2/2 - 25*w. Let g be m(19). Let v = g + 2. What is the remainder when v is divided by 6?
5
What is the remainder when 5588 is divided by (-966)/12*30/(-35)?
68
Suppose 4*k + 20 - 100 = 0. What is the remainder when (-2)/(14/(-555)) - 6/21 is divided by k?
19
Let w(f) = f**2 - 20*f - 22. Let j be w(21). What is the remainder when ((-621)/(-6) - -7)/(j/(-4)) is divided by 74?
72
Suppose 373*q - 27 = 364*q. What is the remainder when 1036 is divided by q?
1
Suppose 3*q - 953 = -5*z, -475*z + q = -474*z - 197. What is the remainder when z is divided by 30?
13
What is the remainder when 150 is divided by ((-52)/40)/(52/(-520))?
7
Let d(t) be the first derivative of -t**3/3 + t**2 + 25*t + 20. Suppose 0*p + 4*p = 0. What is the remainder when d(p) is divided by 10?
5
Let l be (-7 - 6/2)/(-2). Suppose 3*d = -3*j + 9, -l*j + 21 = -d - 0*d. Suppose j*u + u = 150. Calculate the remainder when 89 is divided by u.
29
Let b(j) = -j**3 + 10*j**2 + 19*j + 35. What is the remainder when 277 is divided by b(11)?
31
Let z = 49 - -67. Suppose -419 = -4*j - 3*b, 4*j - z = 3*j - 3*b. What is the remainder when j is divided by 13?
10
Let j(q) = q**2 - q + 5. Let b be j(0). Let a(l) = 11*l + 38. Let z be a(b). Let k = z + -35. What is the remainder when k is divided by 20?
18
Let n be 17/((-34)/(-20))*(-2)/5. Suppose 63 = l - 0. What is the remainder when l is divided by 2 + n - (-12 + -7)?
12
Suppose -16*h + 12*h = -1008. Suppose h + 378 = 21*c. What is the remainder when c is divided by 8?
6
Suppose -9*f = -12*f + 39. Let h(q) = -q**2 + 13*q + 21. Let z = -5 - -16. Calculate the remainder when h(f) is divided by z.
10
Let b = -839 + 999. Suppose b = 45*s - 13*s. Calculate the remainder when 43 is divided by s.
3
Suppose 767 = 5*l + 4*s - 442, -1 = -s. Calculate the remainder when 261 is divided by l.
20
Let o = 642 - 324. What is the remainder when o is divided by 313?
5
Suppose 3*i - 40 = -j + 10, -j - 40 = -3*i. Suppose l + 60 = 7*l. Let f(v) = v**2 - 5*v + 5. What is the remainder when f(l) is divided by i?
10
Let s be ((-15)/(-10))/(-3)*-4. Suppose 3*o + 3 = 0, s*u - 2*o - 302 = -36. What is the remainder when u is divided by (-187)/(-7) - 2/(-7)?
24
Suppose 44*i - 131564 = -97*i + 17*i. Calculate the remainder when i is divided by 5.
1
Suppose -a = -4*d - 42, 4*a - 29*d + 26*d = 116. Calculate the remainder when 597 is divided by a.
25
Suppose 2*a = 5*h - 45, 13*h - 3*a + 6 = 16*h. What is the remainder when 2 + (4 - (-137 - h)) is divided by 21/(-35) + 203/5?
30
What is the remainder when 2*(-13)/(-65)*295 is divided by 43?
32
Let c be (4/10)/2 - 1290/75. Let r(u) = -u**2 - 40*u + 35. Let v be r(c). Calculate the remainder when ((-7)/2)/(-2 - v/(-216)) is divided by 43.
40
Suppose -3*m - 150 = -3*r, 3*m - 108 - 166 = -5*r. What is the remainder when 1112 is divided by r?
52
Let i(x) = -4*x**3 - 421*x**2 - 109*x - 369. Calculate the remainder when 127 is divided by i(-105).
25
Let u(r) = -r**3 + 14*r**2 + 13*r + 37. Calculate the remainder when u(7) is divided by 157.
0
Let s = 38 + -53. Let a(t) = t**3 + 15*t**2 - t - 8. What is the remainder when 326/10 - (-4)/10 is divided by a(s)?
5
Calculate the remainder when ((-24)/8)/((-39)/1677) is divided by 19.
15
Suppose -8*v + 2028 = -4220. Suppose 4827 = 34*s + v. Calculate the remainder when s is divided by 20.
19
Suppose 0 = 4*v - 2*r - 718, 933*v - 934*v + 2*r = -187. What is the remainder when v is divided by 39?
21
Let a be 6/(-4)*-1*2. Suppose -a*p - 237 = -96. Let i = 64 + p. Calculate the remainder when i is divided by 10.
7
Let n(f) = 43*f - 1. Let k(j) = 17*j + 549. What is the remainder when n(1) is divided by k(-31)?
20
Let t = 139 - 108. Suppose 5*f + 84 = 3*i, 0 = 2*f - 6*i + 2*i + 42. Let r = f - -32. Calculate the remainder when t is divided by r.
14
Let u(r) = -11 + 2*r - r**2 + 4 + 10*r - 8. What is the remainder when 50 is divided by u(4)?
16
Let z = -53 + -142. Let s = z - -374. Calculate the remainder when s is divided by 30.
29
Let i(x) = -x**3 - 13*x**2 + 16*x - 18. Let n be i(-14). Let v = n + 62. Calculate the remainder when (-58 - 2)/(2 + 15/(-5)) is divided by v.
12
Let l(p) = 8*p**2 - 26*p - 180. Calculate the remainder when l(14) is divided by 143.
23
Suppose -i + 1 = -4*i + 5*q, -q + 2 = 0. Let r(p) = 157*p + 22. Let x be r(1). Let j = x - 163. What is the remainder when j is divided by i?
1
Calculate the remainder when 679 is divided by (-1016)/(-30) + 13/((-3900)/(-40)).
33
Suppose 2*a + 11*g = 8*g + 59, -2*g = -6. Suppose -68 = 4*w - 220. Let m = w - 24. Calculate the remainder when a is divided by m.
11
Let t = 1311 - 1299. Calculate the remainder when 58 is divided by t.
10
Let p = 153 + -130. Suppose -4*k + 35 = p. What is the remainder when 11 is divided by k?
2
Suppose -5*i = -3*b - 33, 24 = i - 3*b + 15. Suppose -i*z + 8*z - r - 53 = 0, -5*r + 32 = z. Calculate the remainder when z is divided by 7.
6
Suppose 4*m + 8 = 2*f, 4*f = -5*m + 1 - 24. Let c(q) = -7*q - 1. Calculate the remainder when 68 is divided by c(m).
8
Suppose 150 - 148 = 2*r. Let t(j) = 37*j**3 + 9*j**2 - 10*j + 1. Suppose -4*v = -v - 57. What is the remainder when t(r) is divided by v?
18
Let b(w) = w**3 - 3*w**2 - w - 2. Suppose -8*f + 656 = -4*f. Suppose 6*u - f = 184. Calculate the remainder when u is divided by b(4).
8
Let j(y) = y**2 + 18*y - 27. Let b be j(-19). Let m(t) = 2*t**2 + 23*t + 93. What is the remainder when 477 is divided by m(b)?
33
Suppose -2*s + 116 = 4*l, -2*l + 56 = 3*s - s. Suppose l = -2*n + 5*n. Let b(i) = 4*i + 8. What is the remainder when b(n) is divided by 26?
22
Suppose 7 = 5*o - 18, -5*u = o - 1460. What is the remainder when u is divided by 23?
15
Suppose -2*t + 85 = 3*n, 0 = -4*n + 11*t - 15*t + 112. Suppose 7*v - n = 195. Calculate the remainder when 125 is divided by v.
29
Let d be -7 + 36/3 + (-6)/2. What is